 - (-139 + 40))?
82
What is 64 - (-34 - -88 - -42)?
-32
Evaluate -10 + (1 + (17 - 9) + -47 - 19).
-67
What is 62 - (-19 - -34 - -15)?
32
What is (33 - -1 - 2) + -4 - (-176 + 176)?
28
-18 + (2 + -2 + -2 - (284 + -286))
-18
4 + -4 + 2 + -3 - (-12 + 0 + 15)
-4
What is -37 + -7 + 25 + (-78 - -28)?
-69
Calculate (-2 - (8 + (3 - -3) + -8)) + (-33 - -1).
-40
What is the value of 129 + (4 - (1 + 17 - 1 - (3169 - 3163)))?
122
Calculate (-116 - -9) + -19 + -39 + 75.
-90
Evaluate -47 + 39 + -33 + 18 + 16.
-7
Calculate (-3 + 15 + 10 - 10) + -13.
-1
Calculate (9 - (-43 - (-67 - -39))) + -1 + 15.
38
Calculate 60 + (31 + -59 - (6 + -10)).
36
What is -87 + 51 - (16 + -97)?
45
Evaluate 55 - ((-8 - -11 - -7) + -2 + (-5 - 4)).
56
Calculate (-1475 - -1491) + (-3 - -5 - 26).
-8
What is the value of (1 - (3 + -3)) + (-49 - -39) + 1?
-8
Evaluate 39 + 1 + 797 + -853 + (-106 - -2).
-120
Evaluate (1438 - 1482) + -1 + -4.
-49
13 - -15 - 25 - (-40 - (7 + -16 - -2))
36
What is -41 + (-108 - -106) + 4 + 7 + -3?
-35
What is 0 - -18 - (59 + 141 - 123)?
-59
What is the value of -19 + (-1 - 26) + 16 - -69?
39
Evaluate -74 - (10 + -42 + -3 - -48).
-87
Calculate 21 + 12 + (-11 - 15) + -30.
-23
What is (92 - 88) + -34 + -3 + 3?
-30
Evaluate -2 + 1 - (-67 + 55) - -2 - -10.
23
Evaluate 1 - -22 - (202 - (29 - -115)).
-35
What is the value of -106 - (10 - (54 - -85))?
23
-71 - (-48 + (-28 - -63) + -1 + (-1 - -7))
-63
What is -41 + 0 + (-63 - (79 + -129))?
-54
Calculate (-3 - (-10 - (8 - 9))) + (12 - -38 - -1).
57
What is the value of 6 - 19 - -31 - 30?
-12
What is the value of 59 - (-5 + -16 + 35 + 2)?
43
What is (0 - -73) + 0 - (694 + (-86 - 620))?
85
What is (-4 - -2) + -62 + -4 + 37?
-31
What is the value of -45 + 60 - (91 - (10 + -3))?
-69
Calculate 20 + -28 - -41 - 25 - 39.
-31
1 + (22 + -1 - (-72 + 142)) + (-1 - -11)
-38
7 + 3 - (84 + -96 - (-2 + -47))
-27
What is 1 + 6 + -44 + 44 + (73 - 131)?
-51
Calculate 2 + 49 - ((82 - -11) + -124).
82
13 + -126 - -49 - -36
-28
-2 - -75 - (45 + (-74 - -24))
78
What is 0 + -74 + 9 + 215 + -210 + -6 + -1?
-67
Evaluate -24 + (19 - (12 + -8 + 3)).
-12
(2 - 1) + -4 + 0 + 2 - (60533 + -60614)
80
What is 3 + (-45 - (38 - 78) - (31 + -1)) + 4?
-28
What is 836 + -815 - (1 + (-3 - 19))?
42
Evaluate (1 - 12) + -2 - -1 - (-986 + 849).
125
Evaluate 8 + 5 + -31 + 17 - (2 + (0 - -6)).
-9
Evaluate -1 + -35 + (-11197 - -11145).
-88
Evaluate -3 + 2 + 10 - ((-57 - 11) + 77).
0
-37 + (-401 - -391 - (1 - -13))
-61
Evaluate 16 + 1 + -2 + -21 + (2 - 1).
-5
What is 13 + (-18 - -27) + -5 - (-28 + 24)?
21
Evaluate (-22 - -52 - 18) + (-12 - -20) - -86.
106
Calculate 3 + -2 + 23 + (10 - (6 + (1 - -12))).
15
Calculate (-1 - 21) + 13 + 20 + 21.
32
What is (-106 - -127) + (-19 - -72)?
74
What is the value of (25 - (27 + -13) - -16) + 0?
27
Calculate 57 - (10 + -27 + -26 + 52).
48
What is (-13 + -47 - -43) + (38 - 0)?
21
Calculate (-149 - -89 - -3) + (1 - (-1 - 2)).
-53
Calculate -30 + 24 + (-17 - -8 - -14) + -47.
-48
Evaluate -24 - (13 + -11 + (-4 - (6 + -11) - 5)).
-22
What is -1235 - -1235 - (-1 + 86)?
-85
Calculate 1 + (-20 - 4) + 66.
43
What is 1027 + -1032 - ((-26 - 6) + 2)?
25
Evaluate 11 - (-39 + 39) - (6 - 5 - 12).
22
Evaluate 23 + -2 + -7 + 2 + -12 + -92.
-88
Evaluate 6 + 7 + -12 + -2 + (-1 - 2).
-4
Calculate 0 - 14 - (-18 - (9 - 7) - (-21 + 90)).
75
Calculate (82 - (-11 + 70)) + -132.
-109
-7 + -9 + 23 + 53 - (3 - -1)
56
What is -11 + 80 + -192 + 170?
47
What is the value of (-16 - 0 - 6) + 14 - (38 - -1)?
-47
(-1 - (-27 + -1)) + 7
34
What is the value of 11 - -3 - 41 - (-4 + -3) - 12?
-32
Evaluate -140 + (9 - -100) - 7.
-38
What is (35 - 9 - 11) + -9 - (-3 + 1)?
8
What is the value of 23 - ((-334 - -349) + (-2 - 1)) - 102?
-91
(-238 - -200) + (-17 - (-6 + 4))
-53
What is -69 + 70 - (-68 + -2) - (13 - (1 + 15))?
74
Evaluate 100 + (-58 - (47 - 50)).
45
-80 + (-32 - (-38 - 16)) - (-5 + -1)
-52
Calculate 6 + (58 - 16) + -19 + -1.
28
What is the value of -7 - (60 + (5 - 80))?
8
What is the value of -5 + 0 + (587 - 586)?
-4
Evaluate -29 - (-35 - -48) - -65.
23
Evaluate -24 - (0 + -1 + (19 - 28 - -10)).
-24
Calculate -46 - 99 - -345 - 96.
104
What is -20 + (7 - (-8 - (-11 - 2) - -3) - 2)?
-23
89 + -102 - (14 - 13 - (0 - -1))
-13
Evaluate (-1 + (10 - -1) - (104 + -109 + 2)) + 64.
77
What is -5 + (-68 - (20 + -79))?
-14
Calculate (28 + -71 - -43) + (1 + -9 - 3).
-11
Evaluate -8 - (-11 + 7 + -5) - -19.
20
What is the value of (-14 - (14 + -14 + -10)) + -27 + 2?
-29
What is the value of (27 - 0) + 1 + -3096 + 3080 + -96?
-84
What is the value of 7 + (-32 + -24 - -26) - 2?
-25
What is the value of 8 - (193 - 189 - (9 - 0))?
13
Calculate 3 - -25 - (0 - -5 - (-3 - -6)).
26
Evaluate 21 - ((11 - -5) + 11 + 20).
-26
What is the value of (-31 - (-27 - 40)) + -56?
-20
What is 8 + -13 + -34 + -2 - (91 - 80)?
-52
Calculate (1 - (-92 + 40)) + -102.
-49
0 - -3 - (-19 + 5 + -9 + 19 + 79)
-72
What is 41 + (-33 - (-21 + -3))?
32
What is the value of (44 - (-29 + (-7 - -192))) + (0 - -16)?
-96
Evaluate (68 - (-74 + 128)) + 38.
52
What is the value of (-2 - -58) + 2805 + -2825?
36
Evaluate (15 - 17) + 53 + 0 + 24.
75
What is (2 - (-18 + 8)) + -12?
0
Calculate -6 + (8 - 5) - (246 + -237 - (47 + 0)).
35
What is the value of -50 + (-11 - -112 - 46)?
5
Evaluate 8 - 2 - -4 - (19 + (-11 - 1)).
3
Calculate -42 + (129 - 143 - (-2 - -1 - 0 - 3)).
-52
Evaluate (76 - -35) + (-3 - -2) - (169 - 155).
96
-72 + 3 - (-304 - -279)
-44
What is (6 - 20) + (62 + -48 - (2 - 135))?
133
Evaluate 68 + (-18 - -5) + (-6 - -5) + -9.
45
132 + -104 - (1 - -29) - 53
-55
(1 - -21) + -204 + 158 + 43
19
Evaluate 42 + 17 + -57 + 18.
20
(0 + -8 - 1 - (232 - 215) - 6) + -7
-39
What is -149 - -158 - (0 - -19) - (-45 - (2 - 2))?
35
Evaluate -38 - (-8 + 43 - 39).
-34
What is 112 + (-108 - -102) + (0 - (0 - -1))?
105
(-11 - (34 - 48) - ((1 - -14) + 0)) + 159
147
What is the value of -15 + (24 - ((-5 - -46) + -18))?
-14
(-19 - (-62 - -29)) + -39
-25
What is the value of 10 - (1 + (-12 - 1) + (146 - 129))?
5
Calculate (-1 - (4 - ((-7 - 2) + 1 + 31))) + -5.
13
Evaluate -49 - (-91 - -44 - -26).
-28
22 - (-50 - -55 - 13)
30
Evaluate (-3 - (4 + 13)) + 120 + -27.
73
Evaluate -46 + 1 - (-41 - (87 - 139)).
-56
What is the value of 26 + -94 + -34 + 68?
-34
(7 + (4 + -14 - 92) - 0) + 10 + -2
-87
Calculate -6 - (-13 + 32 - (9 - 9)).
-25
Evaluate -1 + -13 + (6 - (-27 + 62) - -120).
77
What is -15 - (-61 + -22 - (9 - 0 - -1))?
78
Calculate (5 - 1) + (-271 - -286) - (1 - 8).
26
What is 9 + (13 + (-15 - (-5 + -3)) - 1 - 25)?
-11
What is -3 - ((-4 + 14 - (1 - -7 - -39)) + -7)?
41
Evaluate -90 - (21 - ((19 - 3) + -4)).
-99
Evaluate (145 + -56 - 33) + -60.
-4
What is 76 + -124 + (36 - 3) - (83 - -2)?
-100
What is 4 + 71 - ((-18 - -4) + 22 - (-26 + 36))?
77
What is (1 - (-80 - 0)) + (57 + (-58 - 50) - -62)?
92
-1 + 1 + -53 + (120 - 28)
39
What is 24 - ((-41 - 102) + 94)?
73
Evaluate 123 + -129 + (32 - -21).
47
Calculate (-2 - 87) + 55 + -34 + -1 - 5.
-74
Evaluate (-2 - (-20 + 4)) + 396 + -478.
-68
Evaluate (-1 - -91) + (9 + (20 - 25) - 24 - -32).
102
Calculate (59 - (117 - 70)) + -87.
-75
Evaluate 93 + 44 + -58 + 75 + -38.
116
What is -435 - -359 - (9 - (-6 + 9))?
-82
Evaluate (-28 - -2) + (-113 - -256 - 54).
63
Evaluate -21 + (-26 + 22 - -14) - (83 - -4).
-98
-246 + (76 - -49 - -1)
-120
Evaluate 56 + (-155 - 42) + 59.
-82
(47 + -40 - 31) + (-141 - 1) + 24
-142
Calculate 63 - (82 - 53 - -14).
20
What is (524 - 595) + (42 - 5)?
-34
What is 360 - 205 - (20 + 48)?
87
-214 - -291 - (4 + 2 + 9)
62
Evaluate -36 + 2 + 17 + (-12 + -15 - -18).
-26
-63 - (21 + -87 + 65)
-62
What is -8 - -15 - 8 - (-7 - -32)?
-26
What is the value of 41 - 4 - (58 - (173 + -71))?
81
Evaluate -42 - (0 + -2 + (5 - (2 + 2 + 1))).
-40
What is -55 + 2 - (47 - 9 - (-95 + 128))?
-58
What is 53 + (-54 - 17) - 21?
-39
Calculate 2 + 1 + 1 + -1 - (4 + (-13 - -63)).
-51
What is 770 + -753 + 4 + (9 - 2)?
28
Evaluate 100 + ((-72 - -2) + 65 - (-1 + 1 - -1)).
94
Calculate 5 - ((2 + -4 - (29 + (-5 - 16))) + -15).
30
2 - 8 - (958 - 931)
-33
What is 32 + (6 + -6 + -1 - 17)?
14
(81 - 10) + -57 + (-95 - (-1 - -1))
-81
What is the value of (1 - (3 + -1)) + (47 - 3) + 245 + -255?
33
0 + -46 + (-831 - -905)
28
Calculate 1 - 4 - (1 + 3 - (-62 + 60) - -34).
-43
(5 - 11) + -122 + 77
-51
Calculat